{"id":516,"date":"2024-09-29T16:34:16","date_gmt":"2024-09-29T13:34:16","guid":{"rendered":"https:\/\/buqnet.com.tr\/?page_id=516"},"modified":"2024-09-29T21:49:04","modified_gmt":"2024-09-29T18:49:04","slug":"servis-noktalari","status":"publish","type":"page","link":"https:\/\/buqnet.com.tr\/?page_id=516","title":{"rendered":"Servis Noktalar\u0131"},"content":{"rendered":"\n<figure class=\"wp-block-gallery has-nested-images columns-default is-cropped wp-block-gallery-1 is-layout-flex wp-block-gallery-is-layout-flex\">\n<figure class=\"wp-block-image size-large\"><img loading=\"lazy\" decoding=\"async\" width=\"1024\" height=\"683\" data-id=\"730\" src=\"https:\/\/buqnet.com.tr\/wp-content\/uploads\/2024\/09\/Turkiye-Map-Chart-1024x683.png\" alt=\"\" class=\"wp-image-730\" srcset=\"https:\/\/buqnet.com.tr\/wp-content\/uploads\/2024\/09\/Turkiye-Map-Chart-1024x683.png 1024w, https:\/\/buqnet.com.tr\/wp-content\/uploads\/2024\/09\/Turkiye-Map-Chart-300x200.png 300w, https:\/\/buqnet.com.tr\/wp-content\/uploads\/2024\/09\/Turkiye-Map-Chart-768x512.png 768w, https:\/\/buqnet.com.tr\/wp-content\/uploads\/2024\/09\/Turkiye-Map-Chart-1536x1024.png 1536w, https:\/\/buqnet.com.tr\/wp-content\/uploads\/2024\/09\/Turkiye-Map-Chart-2048x1365.png 2048w\" sizes=\"auto, (max-width: 1024px) 100vw, 1024px\" \/><\/figure>\n<\/figure>\n\n\n\n<p><\/p>\n","protected":false},"excerpt":{"rendered":"","protected":false},"author":1,"featured_media":0,"parent":0,"menu_order":0,"comment_status":"closed","ping_status":"closed","template":"","meta":{"footnotes":""},"class_list":["post-516","page","type-page","status-publish","hentry"],"yoast_head":"<!-- This site is optimized with the Yoast SEO plugin v27.5 - https:\/\/yoast.com\/product\/yoast-seo-wordpress\/ -->\n<title>Servis Noktalar\u0131 - 7\/24 Buqnet Bilgisayar Yaz\u0131l\u0131m ve Donan\u0131m Hizmetleri<\/title>\n<meta name=\"description\" content=\"IT Dan\u0131\u015fmanl\u0131k Hizmetleri, Bilgisayar Dan\u0131\u015fmanl\u0131k, Bak\u0131m Anla\u015fmas\u0131, Bili\u015fim Dan\u0131\u015fmanl\u0131k Hizmetleri, Bilgisayar Servisi, Server Hizmeti\" \/>\n<meta name=\"robots\" content=\"index, follow, max-snippet:-1, max-image-preview:large, max-video-preview:-1\" \/>\n<link rel=\"canonical\" href=\"https:\/\/buqnet.com.tr\/?page_id=516\" \/>\n<meta property=\"og:locale\" content=\"tr_TR\" \/>\n<meta property=\"og:type\" content=\"article\" \/>\n<meta property=\"og:title\" content=\"Servis Noktalar\u0131 - 7\/24 Buqnet Bilgisayar Yaz\u0131l\u0131m ve Donan\u0131m Hizmetleri\" \/>\n<meta property=\"og:description\" content=\"IT Dan\u0131\u015fmanl\u0131k Hizmetleri, Bilgisayar Dan\u0131\u015fmanl\u0131k, Bak\u0131m Anla\u015fmas\u0131, Bili\u015fim Dan\u0131\u015fmanl\u0131k Hizmetleri, Bilgisayar Servisi, Server Hizmeti\" \/>\n<meta property=\"og:url\" content=\"https:\/\/buqnet.com.tr\/?page_id=516\" \/>\n<meta property=\"og:site_name\" content=\"7\/24 Buqnet Bilgisayar Yaz\u0131l\u0131m ve Donan\u0131m Hizmetleri\" \/>\n<meta property=\"article:modified_time\" content=\"2024-09-29T18:49:04+00:00\" \/>\n<meta property=\"og:image\" content=\"https:\/\/buqnet.com.tr\/wp-content\/uploads\/2024\/09\/Turkiye-Map-Chart-1024x683.png\" \/>\n<meta name=\"twitter:card\" content=\"summary_large_image\" \/>\n<script type=\"application\/ld+json\" class=\"yoast-schema-graph\">{\"@context\":\"https:\\\/\\\/schema.org\",\"@graph\":[{\"@type\":\"WebPage\",\"@id\":\"https:\\\/\\\/buqnet.com.tr\\\/?page_id=516\",\"url\":\"https:\\\/\\\/buqnet.com.tr\\\/?page_id=516\",\"name\":\"Servis Noktalar\u0131 - 7\\\/24 Buqnet Bilgisayar Yaz\u0131l\u0131m ve Donan\u0131m Hizmetleri\",\"isPartOf\":{\"@id\":\"http:\\\/\\\/buqnet.com.tr\\\/#website\"},\"primaryImageOfPage\":{\"@id\":\"https:\\\/\\\/buqnet.com.tr\\\/?page_id=516#primaryimage\"},\"image\":{\"@id\":\"https:\\\/\\\/buqnet.com.tr\\\/?page_id=516#primaryimage\"},\"thumbnailUrl\":\"https:\\\/\\\/buqnet.com.tr\\\/wp-content\\\/uploads\\\/2024\\\/09\\\/Turkiye-Map-Chart-1024x683.png\",\"datePublished\":\"2024-09-29T13:34:16+00:00\",\"dateModified\":\"2024-09-29T18:49:04+00:00\",\"description\":\"IT Dan\u0131\u015fmanl\u0131k Hizmetleri, Bilgisayar Dan\u0131\u015fmanl\u0131k, Bak\u0131m Anla\u015fmas\u0131, Bili\u015fim Dan\u0131\u015fmanl\u0131k Hizmetleri, Bilgisayar Servisi, Server Hizmeti\",\"breadcrumb\":{\"@id\":\"https:\\\/\\\/buqnet.com.tr\\\/?page_id=516#breadcrumb\"},\"inLanguage\":\"tr\",\"potentialAction\":[{\"@type\":\"ReadAction\",\"target\":[\"https:\\\/\\\/buqnet.com.tr\\\/?page_id=516\"]}]},{\"@type\":\"ImageObject\",\"inLanguage\":\"tr\",\"@id\":\"https:\\\/\\\/buqnet.com.tr\\\/?page_id=516#primaryimage\",\"url\":\"https:\\\/\\\/buqnet.com.tr\\\/wp-content\\\/uploads\\\/2024\\\/09\\\/Turkiye-Map-Chart.png\",\"contentUrl\":\"https:\\\/\\\/buqnet.com.tr\\\/wp-content\\\/uploads\\\/2024\\\/09\\\/Turkiye-Map-Chart.png\",\"width\":2250,\"height\":1500},{\"@type\":\"BreadcrumbList\",\"@id\":\"https:\\\/\\\/buqnet.com.tr\\\/?page_id=516#breadcrumb\",\"itemListElement\":[{\"@type\":\"ListItem\",\"position\":1,\"name\":\"Anasayfa\",\"item\":\"http:\\\/\\\/buqnet.com.tr\\\/\"},{\"@type\":\"ListItem\",\"position\":2,\"name\":\"Servis Noktalar\u0131\"}]},{\"@type\":\"WebSite\",\"@id\":\"http:\\\/\\\/buqnet.com.tr\\\/#website\",\"url\":\"http:\\\/\\\/buqnet.com.tr\\\/\",\"name\":\"Buqnet Bilgisayar Sistem Teknolojileri\",\"description\":\"IT Dan\u0131\u015fmanl\u0131k Hizmetleri, Bilgisayar Dan\u0131\u015fmanl\u0131k, Bak\u0131m Anla\u015fmas\u0131, Bili\u015fim Dan\u0131\u015fmanl\u0131k Hizmetleri, Bilgisayar Servisi, Server Hizmeti\",\"potentialAction\":[{\"@type\":\"SearchAction\",\"target\":{\"@type\":\"EntryPoint\",\"urlTemplate\":\"http:\\\/\\\/buqnet.com.tr\\\/?s={search_term_string}\"},\"query-input\":{\"@type\":\"PropertyValueSpecification\",\"valueRequired\":true,\"valueName\":\"search_term_string\"}}],\"inLanguage\":\"tr\"}]}<\/script>\n<!-- \/ Yoast SEO plugin. -->","yoast_head_json":{"title":"Servis Noktalar\u0131 - 7\/24 Buqnet Bilgisayar Yaz\u0131l\u0131m ve Donan\u0131m Hizmetleri","description":"IT Dan\u0131\u015fmanl\u0131k Hizmetleri, Bilgisayar Dan\u0131\u015fmanl\u0131k, Bak\u0131m Anla\u015fmas\u0131, Bili\u015fim Dan\u0131\u015fmanl\u0131k Hizmetleri, Bilgisayar Servisi, Server Hizmeti","robots":{"index":"index","follow":"follow","max-snippet":"max-snippet:-1","max-image-preview":"max-image-preview:large","max-video-preview":"max-video-preview:-1"},"canonical":"https:\/\/buqnet.com.tr\/?page_id=516","og_locale":"tr_TR","og_type":"article","og_title":"Servis Noktalar\u0131 - 7\/24 Buqnet Bilgisayar Yaz\u0131l\u0131m ve Donan\u0131m Hizmetleri","og_description":"IT Dan\u0131\u015fmanl\u0131k Hizmetleri, Bilgisayar Dan\u0131\u015fmanl\u0131k, Bak\u0131m Anla\u015fmas\u0131, Bili\u015fim Dan\u0131\u015fmanl\u0131k Hizmetleri, Bilgisayar Servisi, Server Hizmeti","og_url":"https:\/\/buqnet.com.tr\/?page_id=516","og_site_name":"7\/24 Buqnet Bilgisayar Yaz\u0131l\u0131m ve Donan\u0131m Hizmetleri","article_modified_time":"2024-09-29T18:49:04+00:00","og_image":[{"url":"https:\/\/buqnet.com.tr\/wp-content\/uploads\/2024\/09\/Turkiye-Map-Chart-1024x683.png","type":"","width":"","height":""}],"twitter_card":"summary_large_image","schema":{"@context":"https:\/\/schema.org","@graph":[{"@type":"WebPage","@id":"https:\/\/buqnet.com.tr\/?page_id=516","url":"https:\/\/buqnet.com.tr\/?page_id=516","name":"Servis Noktalar\u0131 - 7\/24 Buqnet Bilgisayar Yaz\u0131l\u0131m ve Donan\u0131m Hizmetleri","isPartOf":{"@id":"http:\/\/buqnet.com.tr\/#website"},"primaryImageOfPage":{"@id":"https:\/\/buqnet.com.tr\/?page_id=516#primaryimage"},"image":{"@id":"https:\/\/buqnet.com.tr\/?page_id=516#primaryimage"},"thumbnailUrl":"https:\/\/buqnet.com.tr\/wp-content\/uploads\/2024\/09\/Turkiye-Map-Chart-1024x683.png","datePublished":"2024-09-29T13:34:16+00:00","dateModified":"2024-09-29T18:49:04+00:00","description":"IT Dan\u0131\u015fmanl\u0131k Hizmetleri, Bilgisayar Dan\u0131\u015fmanl\u0131k, Bak\u0131m Anla\u015fmas\u0131, Bili\u015fim Dan\u0131\u015fmanl\u0131k Hizmetleri, Bilgisayar Servisi, Server Hizmeti","breadcrumb":{"@id":"https:\/\/buqnet.com.tr\/?page_id=516#breadcrumb"},"inLanguage":"tr","potentialAction":[{"@type":"ReadAction","target":["https:\/\/buqnet.com.tr\/?page_id=516"]}]},{"@type":"ImageObject","inLanguage":"tr","@id":"https:\/\/buqnet.com.tr\/?page_id=516#primaryimage","url":"https:\/\/buqnet.com.tr\/wp-content\/uploads\/2024\/09\/Turkiye-Map-Chart.png","contentUrl":"https:\/\/buqnet.com.tr\/wp-content\/uploads\/2024\/09\/Turkiye-Map-Chart.png","width":2250,"height":1500},{"@type":"BreadcrumbList","@id":"https:\/\/buqnet.com.tr\/?page_id=516#breadcrumb","itemListElement":[{"@type":"ListItem","position":1,"name":"Anasayfa","item":"http:\/\/buqnet.com.tr\/"},{"@type":"ListItem","position":2,"name":"Servis Noktalar\u0131"}]},{"@type":"WebSite","@id":"http:\/\/buqnet.com.tr\/#website","url":"http:\/\/buqnet.com.tr\/","name":"Buqnet Bilgisayar Sistem Teknolojileri","description":"IT Dan\u0131\u015fmanl\u0131k Hizmetleri, Bilgisayar Dan\u0131\u015fmanl\u0131k, Bak\u0131m Anla\u015fmas\u0131, Bili\u015fim Dan\u0131\u015fmanl\u0131k Hizmetleri, Bilgisayar Servisi, Server Hizmeti","potentialAction":[{"@type":"SearchAction","target":{"@type":"EntryPoint","urlTemplate":"http:\/\/buqnet.com.tr\/?s={search_term_string}"},"query-input":{"@type":"PropertyValueSpecification","valueRequired":true,"valueName":"search_term_string"}}],"inLanguage":"tr"}]}},"_links":{"self":[{"href":"https:\/\/buqnet.com.tr\/index.php?rest_route=\/wp\/v2\/pages\/516","targetHints":{"allow":["GET"]}}],"collection":[{"href":"https:\/\/buqnet.com.tr\/index.php?rest_route=\/wp\/v2\/pages"}],"about":[{"href":"https:\/\/buqnet.com.tr\/index.php?rest_route=\/wp\/v2\/types\/page"}],"author":[{"embeddable":true,"href":"https:\/\/buqnet.com.tr\/index.php?rest_route=\/wp\/v2\/users\/1"}],"replies":[{"embeddable":true,"href":"https:\/\/buqnet.com.tr\/index.php?rest_route=%2Fwp%2Fv2%2Fcomments&post=516"}],"version-history":[{"count":3,"href":"https:\/\/buqnet.com.tr\/index.php?rest_route=\/wp\/v2\/pages\/516\/revisions"}],"predecessor-version":[{"id":731,"href":"https:\/\/buqnet.com.tr\/index.php?rest_route=\/wp\/v2\/pages\/516\/revisions\/731"}],"wp:attachment":[{"href":"https:\/\/buqnet.com.tr\/index.php?rest_route=%2Fwp%2Fv2%2Fmedia&parent=516"}],"curies":[{"name":"wp","href":"https:\/\/api.w.org\/{rel}","templated":true}]}}