{"id":520,"date":"2024-09-29T16:34:55","date_gmt":"2024-09-29T13:34:55","guid":{"rendered":"https:\/\/buqnet.com.tr\/?page_id=520"},"modified":"2024-11-20T12:42:14","modified_gmt":"2024-11-20T09:42:14","slug":"genel-mudur-mesaji","status":"publish","type":"page","link":"https:\/\/buqnet.com.tr\/?page_id=520","title":{"rendered":"Genel M\u00fcd\u00fcr Mesaj\u0131 Mustafa \u00dcLKER"},"content":{"rendered":"\n<h2 class=\"wp-block-heading\"><strong><a href=\"https:\/\/buqnet.com.tr\/?page_id=520\">Mustafa \u00dcLKER<\/a><\/strong><\/h2>\n\n\n\n<p>Buqnet, bili\u015fim&nbsp; ve ileti\u015fim teknolojileri konusunda, dan\u0131\u015fmanl\u0131k, tasar\u0131m sat\u0131\u015f ve sat\u0131\u015f sonras\u0131 hizmetler sunan, m\u00fc\u015fterilerine i\u015f s\u00fcre\u00e7lerinde katma de\u011fer sa\u011flayan&nbsp; bir teknoloji firmas\u0131d\u0131r.<\/p>\n\n\n\n<p><br>M\u00fc\u015fterilerimize, kendi i\u015flerine odaklanmalar\u0131n\u0131 sa\u011flarken, kurumsal altyap\u0131 \u00e7\u00f6z\u00fcmlerinden, a\u011f ve g\u00fcvenlik \u00e7\u00f6z\u00fcmlerine, s\u00f6zle\u015fmeli hizmetlerden, d\u0131\u015f kaynak kullan\u0131m hizmetlerine, dan\u0131\u015fmanl\u0131k hizmetlerinden sistem entegrasyon \u00e7al\u0131\u015fmalar\u0131na kadar bili\u015fim ve ileti\u015fim teknolojileri konusunda 1996 y\u0131l\u0131ndan itibaren \u00e7\u00f6z\u00fcm ve hizmet \u00fcretiyoruz.<\/p>\n\n\n\n<p><strong><a href=\"https:\/\/buqnet.com.tr\/?page_id=520\">Mustafa \u00dcLKER<\/a><\/strong><\/p>\n\n\n\n<p>Birlikte \u00e7al\u0131\u015ft\u0131\u011f\u0131m\u0131z \u015firketlerin, i\u015f s\u00fcre\u00e7lerinde dijitallesmesine destek verereki dijital d\u00f6n\u00fc\u015f\u00fcm\u00fcn y\u0131k\u0131c\u0131 etkisinden uzakla\u015fmalar\u0131n\u0131, beklenti gereksinimlerini do\u011fru analiz ederek, bu beklenti ve gereksinimlere en etkin ve yarat\u0131c\u0131 \u00e7\u00f6z\u00fcmleri, uygun maliyette ve h\u0131zl\u0131 servis hizmeti vererek sa\u011flamaya \u00e7al\u0131\u015f\u0131yoruz.<\/p>\n\n\n\n<p><strong><a href=\"https:\/\/buqnet.com.tr\/?page_id=520\">Mustafa \u00dcLKER<\/a><\/strong><\/p>\n\n\n\n<p>Yapt\u0131\u011f\u0131m\u0131z her i\u015fte, \u00fcretti\u011fimiz her \u00e7\u00f6z\u00fcmde ve sundu\u011fumuz her hizmette en \u00fcst kalite d\u00fczeyini hedefe alarak, m\u00fc\u015fterilerimizin taleplerini kalite anlay\u0131\u015f\u0131m\u0131z\u0131n odak noktas\u0131nda&nbsp;tutuyoruz.&nbsp;<\/p>\n\n\n\n<p><strong><a href=\"https:\/\/buqnet.com.tr\/?page_id=520\">Mustafa \u00dcLKER<\/a><\/strong><\/p>\n\n\n\n<p>T\u00fcm bu \u00e7\u00f6z\u00fcm ve hizmetleri \u00fcretirken, alan\u0131nda d\u00fcnyan\u0131n en iyi \u00fcreticileri ile uzun s\u00fcreli ve g\u00fcvene dayal\u0131 i\u015f ortakl\u0131klar\u0131 yap\u0131yoruz.&nbsp;M\u00fc\u015fterilerimiz, \u00e7al\u0131\u015fanlar\u0131m\u0131z, tedarik\u00e7ilerimiz ve Buqnet ailesi ile ortak hareket eden herkes ile t\u00fcm ili\u015fkilerimizde kar\u015f\u0131l\u0131kl\u0131 g\u00fcven, d\u00fcr\u00fcstl\u00fck ve a\u00e7\u0131kl\u0131k ilkelerine sad\u0131k kalarak, s\u00fcrekli de\u011fi\u015fime a\u00e7\u0131k olmaya \u00e7al\u0131\u015f\u0131yoruz.<\/p>\n\n\n\n<p><strong><a href=\"https:\/\/buqnet.com.tr\/?page_id=520\">Mustafa \u00dcLKER<\/a><\/strong><\/p>\n\n\n\n<p>Bu anlay\u0131\u015ftan hareketle, kurumsal itibar\u0131m\u0131z ve imaj\u0131m\u0131z\u0131 yukar\u0131ya ta\u015f\u0131rken, e\u011fitime ve uzmanl\u0131\u011fa verdi\u011fimiz \u00f6nemle operasyonel ba\u015far\u0131lar\u0131m\u0131z\u0131 da ayn\u0131 ivme ile s\u00fcrekli artt\u0131rmay\u0131 hedefliyoruz. <strong><a href=\"https:\/\/buqnet.com.tr\/?page_id=520\">Mustafa \u00dcLKER<\/a><\/strong><\/p>\n","protected":false},"excerpt":{"rendered":"<p>Mustafa \u00dcLKER Buqnet, bili\u015fim&nbsp; ve ileti\u015fim teknolojileri konusunda, dan\u0131\u015fmanl\u0131k, tasar\u0131m sat\u0131\u015f ve sat\u0131\u015f sonras\u0131 hizmetler sunan, m\u00fc\u015fterilerine i\u015f s\u00fcre\u00e7lerinde katma de\u011fer sa\u011flayan&nbsp; bir teknoloji firmas\u0131d\u0131r. M\u00fc\u015fterilerimize, kendi i\u015flerine odaklanmalar\u0131n\u0131 sa\u011flarken, kurumsal altyap\u0131 \u00e7\u00f6z\u00fcmlerinden, a\u011f ve g\u00fcvenlik \u00e7\u00f6z\u00fcmlerine, s\u00f6zle\u015fmeli hizmetlerden, d\u0131\u015f kaynak kullan\u0131m hizmetlerine, dan\u0131\u015fmanl\u0131k hizmetlerinden sistem entegrasyon \u00e7al\u0131\u015fmalar\u0131na kadar bili\u015fim ve ileti\u015fim teknolojileri konusunda 1996 [&hellip;]<\/p>\n","protected":false},"author":1,"featured_media":0,"parent":0,"menu_order":0,"comment_status":"closed","ping_status":"closed","template":"","meta":{"footnotes":""},"class_list":["post-520","page","type-page","status-publish","hentry"],"yoast_head":"<!-- This site is optimized with the Yoast SEO plugin v27.4 - https:\/\/yoast.com\/product\/yoast-seo-wordpress\/ -->\n<title>Genel M\u00fcd\u00fcr Mesaj\u0131 Mustafa \u00dcLKER - 7\/24 Buqnet Bilgisayar Yaz\u0131l\u0131m ve Donan\u0131m Hizmetleri<\/title>\n<meta name=\"description\" content=\"Buqnet, bili\u015fim\u00a0 ve ileti\u015fim teknolojileri konusunda, dan\u0131\u015fmanl\u0131k, tasar\u0131m sat\u0131\u015f ve sat\u0131\u015f sonras\u0131 hizmetler sunan, m\u00fc\u015fterilerine i\u015f s\u00fcre\u00e7lerinde katma de\u011fer sa\u011flayan\u00a0 bir teknoloji firmas\u0131d\u0131r.\" \/>\n<meta name=\"robots\" content=\"index, follow, max-snippet:-1, max-image-preview:large, max-video-preview:-1\" \/>\n<link rel=\"canonical\" href=\"https:\/\/buqnet.com.tr\/?page_id=520\" \/>\n<meta property=\"og:locale\" content=\"tr_TR\" \/>\n<meta property=\"og:type\" content=\"article\" \/>\n<meta property=\"og:title\" content=\"Genel M\u00fcd\u00fcr Mesaj\u0131 Mustafa \u00dcLKER - 7\/24 Buqnet Bilgisayar Yaz\u0131l\u0131m ve Donan\u0131m Hizmetleri\" \/>\n<meta property=\"og:description\" content=\"Buqnet, bili\u015fim\u00a0 ve ileti\u015fim teknolojileri konusunda, dan\u0131\u015fmanl\u0131k, tasar\u0131m sat\u0131\u015f ve sat\u0131\u015f sonras\u0131 hizmetler sunan, m\u00fc\u015fterilerine i\u015f s\u00fcre\u00e7lerinde katma de\u011fer sa\u011flayan\u00a0 bir teknoloji firmas\u0131d\u0131r.\" \/>\n<meta property=\"og:url\" content=\"https:\/\/buqnet.com.tr\/?page_id=520\" \/>\n<meta property=\"og:site_name\" content=\"7\/24 Buqnet Bilgisayar Yaz\u0131l\u0131m ve Donan\u0131m Hizmetleri\" \/>\n<meta property=\"article:modified_time\" content=\"2024-11-20T09:42:14+00:00\" \/>\n<meta name=\"twitter:card\" content=\"summary_large_image\" \/>\n<meta name=\"twitter:label1\" content=\"Tahmini okuma s\u00fcresi\" \/>\n\t<meta name=\"twitter:data1\" content=\"2 dakika\" \/>\n<script type=\"application\/ld+json\" class=\"yoast-schema-graph\">{\"@context\":\"https:\\\/\\\/schema.org\",\"@graph\":[{\"@type\":\"WebPage\",\"@id\":\"https:\\\/\\\/buqnet.com.tr\\\/?page_id=520\",\"url\":\"https:\\\/\\\/buqnet.com.tr\\\/?page_id=520\",\"name\":\"Genel M\u00fcd\u00fcr Mesaj\u0131 Mustafa \u00dcLKER - 7\\\/24 Buqnet Bilgisayar Yaz\u0131l\u0131m ve Donan\u0131m Hizmetleri\",\"isPartOf\":{\"@id\":\"https:\\\/\\\/buqnet.com.tr\\\/#website\"},\"datePublished\":\"2024-09-29T13:34:55+00:00\",\"dateModified\":\"2024-11-20T09:42:14+00:00\",\"description\":\"Buqnet, bili\u015fim\u00a0 ve ileti\u015fim teknolojileri konusunda, dan\u0131\u015fmanl\u0131k, tasar\u0131m sat\u0131\u015f ve sat\u0131\u015f sonras\u0131 hizmetler sunan, m\u00fc\u015fterilerine i\u015f s\u00fcre\u00e7lerinde katma de\u011fer sa\u011flayan\u00a0 bir teknoloji firmas\u0131d\u0131r.\",\"breadcrumb\":{\"@id\":\"https:\\\/\\\/buqnet.com.tr\\\/?page_id=520#breadcrumb\"},\"inLanguage\":\"tr\",\"potentialAction\":[{\"@type\":\"ReadAction\",\"target\":[\"https:\\\/\\\/buqnet.com.tr\\\/?page_id=520\"]}]},{\"@type\":\"BreadcrumbList\",\"@id\":\"https:\\\/\\\/buqnet.com.tr\\\/?page_id=520#breadcrumb\",\"itemListElement\":[{\"@type\":\"ListItem\",\"position\":1,\"name\":\"Anasayfa\",\"item\":\"https:\\\/\\\/buqnet.com.tr\\\/\"},{\"@type\":\"ListItem\",\"position\":2,\"name\":\"Genel M\u00fcd\u00fcr Mesaj\u0131 Mustafa \u00dcLKER\"}]},{\"@type\":\"WebSite\",\"@id\":\"https:\\\/\\\/buqnet.com.tr\\\/#website\",\"url\":\"https:\\\/\\\/buqnet.com.tr\\\/\",\"name\":\"Buqnet Bilgisayar Sistem Teknolojileri\",\"description\":\"IT Dan\u0131\u015fmanl\u0131k Hizmetleri, Bilgisayar Dan\u0131\u015fmanl\u0131k, Bak\u0131m Anla\u015fmas\u0131, Bili\u015fim Dan\u0131\u015fmanl\u0131k Hizmetleri, Bilgisayar Servisi, Server Hizmeti\",\"potentialAction\":[{\"@type\":\"SearchAction\",\"target\":{\"@type\":\"EntryPoint\",\"urlTemplate\":\"https:\\\/\\\/buqnet.com.tr\\\/?s={search_term_string}\"},\"query-input\":{\"@type\":\"PropertyValueSpecification\",\"valueRequired\":true,\"valueName\":\"search_term_string\"}}],\"inLanguage\":\"tr\"}]}<\/script>\n<!-- \/ Yoast SEO plugin. -->","yoast_head_json":{"title":"Genel M\u00fcd\u00fcr Mesaj\u0131 Mustafa \u00dcLKER - 7\/24 Buqnet Bilgisayar Yaz\u0131l\u0131m ve Donan\u0131m Hizmetleri","description":"Buqnet, bili\u015fim\u00a0 ve ileti\u015fim teknolojileri konusunda, dan\u0131\u015fmanl\u0131k, tasar\u0131m sat\u0131\u015f ve sat\u0131\u015f sonras\u0131 hizmetler sunan, m\u00fc\u015fterilerine i\u015f s\u00fcre\u00e7lerinde katma de\u011fer sa\u011flayan\u00a0 bir teknoloji firmas\u0131d\u0131r.","robots":{"index":"index","follow":"follow","max-snippet":"max-snippet:-1","max-image-preview":"max-image-preview:large","max-video-preview":"max-video-preview:-1"},"canonical":"https:\/\/buqnet.com.tr\/?page_id=520","og_locale":"tr_TR","og_type":"article","og_title":"Genel M\u00fcd\u00fcr Mesaj\u0131 Mustafa \u00dcLKER - 7\/24 Buqnet Bilgisayar Yaz\u0131l\u0131m ve Donan\u0131m Hizmetleri","og_description":"Buqnet, bili\u015fim\u00a0 ve ileti\u015fim teknolojileri konusunda, dan\u0131\u015fmanl\u0131k, tasar\u0131m sat\u0131\u015f ve sat\u0131\u015f sonras\u0131 hizmetler sunan, m\u00fc\u015fterilerine i\u015f s\u00fcre\u00e7lerinde katma de\u011fer sa\u011flayan\u00a0 bir teknoloji firmas\u0131d\u0131r.","og_url":"https:\/\/buqnet.com.tr\/?page_id=520","og_site_name":"7\/24 Buqnet Bilgisayar Yaz\u0131l\u0131m ve Donan\u0131m Hizmetleri","article_modified_time":"2024-11-20T09:42:14+00:00","twitter_card":"summary_large_image","twitter_misc":{"Tahmini okuma s\u00fcresi":"2 dakika"},"schema":{"@context":"https:\/\/schema.org","@graph":[{"@type":"WebPage","@id":"https:\/\/buqnet.com.tr\/?page_id=520","url":"https:\/\/buqnet.com.tr\/?page_id=520","name":"Genel M\u00fcd\u00fcr Mesaj\u0131 Mustafa \u00dcLKER - 7\/24 Buqnet Bilgisayar Yaz\u0131l\u0131m ve Donan\u0131m Hizmetleri","isPartOf":{"@id":"https:\/\/buqnet.com.tr\/#website"},"datePublished":"2024-09-29T13:34:55+00:00","dateModified":"2024-11-20T09:42:14+00:00","description":"Buqnet, bili\u015fim\u00a0 ve ileti\u015fim teknolojileri konusunda, dan\u0131\u015fmanl\u0131k, tasar\u0131m sat\u0131\u015f ve sat\u0131\u015f sonras\u0131 hizmetler sunan, m\u00fc\u015fterilerine i\u015f s\u00fcre\u00e7lerinde katma de\u011fer sa\u011flayan\u00a0 bir teknoloji firmas\u0131d\u0131r.","breadcrumb":{"@id":"https:\/\/buqnet.com.tr\/?page_id=520#breadcrumb"},"inLanguage":"tr","potentialAction":[{"@type":"ReadAction","target":["https:\/\/buqnet.com.tr\/?page_id=520"]}]},{"@type":"BreadcrumbList","@id":"https:\/\/buqnet.com.tr\/?page_id=520#breadcrumb","itemListElement":[{"@type":"ListItem","position":1,"name":"Anasayfa","item":"https:\/\/buqnet.com.tr\/"},{"@type":"ListItem","position":2,"name":"Genel M\u00fcd\u00fcr Mesaj\u0131 Mustafa \u00dcLKER"}]},{"@type":"WebSite","@id":"https:\/\/buqnet.com.tr\/#website","url":"https:\/\/buqnet.com.tr\/","name":"Buqnet Bilgisayar Sistem Teknolojileri","description":"IT Dan\u0131\u015fmanl\u0131k Hizmetleri, Bilgisayar Dan\u0131\u015fmanl\u0131k, Bak\u0131m Anla\u015fmas\u0131, Bili\u015fim Dan\u0131\u015fmanl\u0131k Hizmetleri, Bilgisayar Servisi, Server Hizmeti","potentialAction":[{"@type":"SearchAction","target":{"@type":"EntryPoint","urlTemplate":"https:\/\/buqnet.com.tr\/?s={search_term_string}"},"query-input":{"@type":"PropertyValueSpecification","valueRequired":true,"valueName":"search_term_string"}}],"inLanguage":"tr"}]}},"_links":{"self":[{"href":"https:\/\/buqnet.com.tr\/index.php?rest_route=\/wp\/v2\/pages\/520","targetHints":{"allow":["GET"]}}],"collection":[{"href":"https:\/\/buqnet.com.tr\/index.php?rest_route=\/wp\/v2\/pages"}],"about":[{"href":"https:\/\/buqnet.com.tr\/index.php?rest_route=\/wp\/v2\/types\/page"}],"author":[{"embeddable":true,"href":"https:\/\/buqnet.com.tr\/index.php?rest_route=\/wp\/v2\/users\/1"}],"replies":[{"embeddable":true,"href":"https:\/\/buqnet.com.tr\/index.php?rest_route=%2Fwp%2Fv2%2Fcomments&post=520"}],"version-history":[{"count":6,"href":"https:\/\/buqnet.com.tr\/index.php?rest_route=\/wp\/v2\/pages\/520\/revisions"}],"predecessor-version":[{"id":7443,"href":"https:\/\/buqnet.com.tr\/index.php?rest_route=\/wp\/v2\/pages\/520\/revisions\/7443"}],"wp:attachment":[{"href":"https:\/\/buqnet.com.tr\/index.php?rest_route=%2Fwp%2Fv2%2Fmedia&parent=520"}],"curies":[{"name":"wp","href":"https:\/\/api.w.org\/{rel}","templated":true}]}}